{"id":245,"date":"2021-09-13T15:36:51","date_gmt":"2021-09-13T06:36:51","guid":{"rendered":"http:\/\/www.hhface.org\/wp\/corner\/?page_id=245"},"modified":"2026-04-29T10:14:27","modified_gmt":"2026-04-29T01:14:27","slug":"cac-lop-tieng-nhat","status":"publish","type":"page","link":"https:\/\/www.hhface.org\/wp\/corner\/cac-lop-tieng-nhat\/","title":{"rendered":"C\u00c1C L\u1edaP TI\u1ebeNG NH\u1eacT"},"content":{"rendered":"\n<h2 class=\"wp-block-heading is-style-vk-heading-both_ends has-large-font-size\"><span class=\"vk-heading__text-wrapper\"><strong><mark style=\"background-color:#f78da7\" class=\"has-inline-color\">(1) L\u1edbp h\u1ecdc ti\u1ebfng Nh\u1eadt Higashihiroshima\u3000<\/mark><\/strong><\/span><\/h2>\n\n\n\n<p class=\"is-style-vk-heading-plain\"><strong>C\u00e1c l\u1edbp h\u1ecdc ti\u1ebfng Nh\u1eadt \u0111\u01b0\u1ee3c d\u1ea1y v\u1edbi \u0111\u1ed9i ng\u0169 gi\u00e1o vi\u00ean chuy\u00ean ng\u00e0nh ti\u1ebfng Nh\u1eadt v\u00e0 T\u00ecnh nguy\u1ec7n vi\u00ean. N\u1ed9i dung h\u1ecdc vui l\u00f2ng tham kh\u1ea3o b\u1ea3ng b\u00ean d\u01b0\u1edbi. <\/strong><br><strong>\u0110\u1ebfn tr\u1ef1c ti\u1ebfp Communication Corner \u0111\u1ec3 \u0111\u0103ng k\u00fd tham gia l\u1edbp h\u1ecdc. Khi \u0111\u1ebfn \u0111\u0103ng k\u00fd, vui l\u00f2ng chu\u1ea9n b\u1ecb v\u00e0 mang theo: \u2460Th\u1ebb c\u01b0 tr\u00fa \u24612000 y\u00ean.<\/strong><\/p>\n\n\n\n<figure class=\"wp-block-table is-style-vk-table-border-stripes\"><table><tbody><tr><td>Ti\u1ebfng Nh\u1eadt 1<\/td><td>H\u1ecdc t\u1eeb c\u01a1 b\u1ea3n nh\u01b0 b\u1ea3ng ch\u1eef Hiragana, Katakana, v.v...<\/td><\/tr><tr><td>Ti\u1ebfng Nh\u1eadt 2<\/td><td>Y\u00eau c\u1ea7u c\u00f3 th\u1ec3 \u0111\u1ecdc th\u00e0nh th\u1ea1o b\u1ea3ng ch\u1eef Hiragana, Katakana. H\u1ecdc \u0111\u00e0m tho\u1ea1i c\u01a1 b\u1ea3n m\u1ed9t s\u1ed1 ng\u1eef c\u1ea3nh giao ti\u1ebfp trong cu\u1ed9c s\u1ed1ng.<\/td><\/tr><tr><td>Ti\u1ebfng Nh\u1eadt 3<\/td><td>H\u1ecdc vi\u1ebft, h\u1ecdc n\u00f3i v\u1ec1 nhi\u1ec1u ch\u1ee7 \u0111\u1ec1 kh\u00e1c nhau, v.v... \u0110\u1ea1t tr\u00ecnh \u0111\u1ed9 s\u01a1 c\u1ea5p ti\u1ebfng Nh\u1eadt.<\/td><\/tr><tr><td>Ti\u1ebfng Nh\u1eadt 4<\/td><td>Gi\u00fap t\u0103ng v\u1ed1n t\u1eeb v\u1ef1ng v\u00e0 n\u00f3i \u0111\u01b0\u1ee3c nh\u1eefng \u0111i\u1ec1u li\u00ean quan \u0111\u1ebfn b\u1ea3n th\u00e2n m\u00ecnh th\u00f4ng qua c\u00e1c cu\u1ed9c h\u1ed9i tho\u1ea1i th\u01b0\u1eddng g\u1eb7p trong cu\u1ed9c s\u1ed1ng. T\u01b0\u01a1ng \u0111\u01b0\u01a1ng v\u1edbi tr\u00ecnh \u0111\u1ed9 JLPT N4. T\u00e0i li\u1ec7u s\u1eed d\u1ee5ng: <a href=\"https:\/\/hn.jpf.go.jp\/irodori\/so-cap-2\" target=\"_blank\" rel=\"noopener\" title=\"Irodori\">Irodori<\/a><\/td><\/tr><\/tbody><\/table><\/figure>\n\n\n\n<figure class=\"wp-block-image size-full\"><img decoding=\"async\" src=\"https:\/\/www.hhface.org\/wp\/corner\/wp-content\/uploads\/2026\/04\/0402_nihongochirashinewaddress_r8_1.jpg\" alt=\"\" class=\"wp-image-14231\"\/><\/figure>\n\n\n\n<h2 class=\"wp-block-heading is-style-vk-heading-both_ends has-large-font-size\"><span class=\"vk-heading__text-wrapper\"><strong><mark style=\"background-color:#f78da7\" class=\"has-inline-color\">\uff08\uff12\uff09\u306b\u307b\u3093\u3054\u308f\u3044\u308f\u3044 Nihongo waiwai\uff08L\u1edbp \u0111\u00e0m tho\u1ea1i ti\u1ebfng Nh\u1eadt\uff09<\/mark><\/strong><\/span><\/h2>\n\n\n\n<p class=\"has-regular-font-size\"><strong>L\u00e0 l\u1edbp h\u1ecdc tham gia c\u00f9ng v\u1edbi T\u00ecnh nguy\u1ec7n vi\u00ean ng\u01b0\u1eddi Nh\u1eadt, c\u00f9ng nhau v\u1eeba h\u1ecdc ti\u1ebfng Nh\u1eadt v\u1eeba tr\u00f2 chuy\u1ec7n, \u0111\u00e0m tho\u1ea1i b\u1eb1ng Ti\u1ebfng Nh\u1eadt xoay quanh nhi\u1ec1u ch\u1ee7 \u0111\u1ec1 th\u00fa v\u1ecb, v.v... Kh\u00f4ng c\u1ea7n \u0111\u0103ng k\u00fd tr\u01b0\u1edbc c\u0169ng nh\u01b0 kh\u00f4ng m\u1ea5t ph\u00ed tham gia. C\u00f3 th\u1ec3 \u0111\u1ebfn tham gia b\u1ea5t c\u1ee9 l\u00fac n\u00e0o. Tuy nhi\u00ean, ng\u01b0\u1eddi tham gia l\u1edbp n\u00e0y c\u1ea7n ph\u1ea3i c\u00f3 ti\u1ebfng Nh\u1eadt \u1edf m\u1ee9c \u0111\u1ed9 c\u00f3 th\u1ec3 giao ti\u1ebfp \u0111\u01a1n gi\u1ea3n. <mark style=\"background-color:rgba(0, 0, 0, 0)\" class=\"has-inline-color has-vivid-red-color\">Nh\u1ea5p<\/mark> v\u00e0o <mark style=\"background-color:rgba(0, 0, 0, 0)\" class=\"has-inline-color has-vivid-red-color\">T\u1edd r\u01a1i<\/mark> v\u00e0 <mark style=\"background-color:rgba(0, 0, 0, 0)\" class=\"has-inline-color has-vivid-red-color\">L\u1ecbch h\u1ecdc<\/mark> \u0111\u1ec3 xem th\u00f4ng tin chi ti\u1ebft.<\/strong><\/p>\n\n\n\n<div class=\"wp-block-columns is-layout-flex wp-container-core-columns-is-layout-9d6595d7 wp-block-columns-is-layout-flex\">\n<div class=\"wp-block-column is-layout-flow wp-block-column-is-layout-flow\" style=\"flex-basis:100%\">\n<figure class=\"wp-block-table is-style-vk-table-border-stripes has-small-font-size\"><table><tbody><tr><td>L\u1edbp <\/td><td>Th\u1ee9<\/td><td>Th\u1eddi gian<\/td><td>\u0110\u1ecba \u0111i\u1ec3m h\u1ecdc<\/td><td>T\u1edd r\u01a1i v\u00e0 l\u1ecbch h\u1ecdc 2026 <br>\uff0aT\u1eeb th\u00e1ng 5<\/td><\/tr><tr><td>Nihongo Waiwai <strong><mark style=\"background-color:rgba(0, 0, 0, 0)\" class=\"has-inline-color has-vivid-red-color\">Saijo<\/mark><\/strong><\/td><td>Th\u1ee9 T\u01b0<\/td><td>19:00 - 21:00<\/td><td>T\u1ea7ng 2, T\u00f2a nh\u00e0 Sunsquare Higashihiroshima \u6771\u5e83\u5cf6<\/td><td><strong><a href=\"https:\/\/www.hhface.org\/wp\/corner\/wp-content\/uploads\/2026\/03\/R08_1%E3%82%8F%E3%81%84%E3%82%8F%E3%81%84%E3%80%90%E8%A5%BF%E6%9D%A1%E3%83%BB%E5%B8%82%E6%B0%91%E6%96%87%E5%8C%96%E3%80%91%E3%83%81%E3%83%A9%E3%82%B7-%E3%83%A1%E3%83%BC%E3%83%AB%E5%A4%89%E6%9B%B4%E6%B8%88.pdf\" target=\"_blank\" rel=\"noopener\" title=\"\"><mark style=\"background-color:rgba(0, 0, 0, 0)\" class=\"has-inline-color has-vivid-red-color\">T\u1edd r\u01a1i<\/mark><\/a> -<mark style=\"background-color:rgba(0, 0, 0, 0)\" class=\"has-inline-color has-vivid-red-color\"><\/mark><\/strong><a href=\"https:\/\/www.hhface.org\/wp\/corner\/wp-content\/uploads\/2026\/04\/R08\u897f\u6761\u308f\u3044\u308f\u3044\u30b9\u30b1\u30b8\u30e5\u30fc\u30eb.pdf\" target=\"_blank\" rel=\"noopener\" title=\"\"><mark style=\"background-color:rgba(0, 0, 0, 0)\" class=\"has-inline-color has-vivid-red-color\"><strong>L\u1ecbch h\u1ecdc<\/strong><\/mark><\/a><\/td><\/tr><tr><td>Nihongo Waiwai <strong><mark style=\"background-color:rgba(0, 0, 0, 0)\" class=\"has-inline-color has-vivid-red-color\">Akitsu<\/mark><\/strong><\/td><td>Th\u1ee9 S\u00e1u<\/td><td>18:30 - 20:00<\/td><td>Trung t\u00e2m H\u1ea3i d\u01b0\u01a1ng B&amp;G Kaiyo Center\uff08 \u5b89\u82b8\u6d25-Akitsu)<\/td><td><a href=\"https:\/\/www.hhface.org\/wp\/corner\/wp-content\/uploads\/2026\/03\/R8%E5%AE%89%E8%8A%B8%E6%B4%A5%E3%81%AB%E3%81%BB%E3%82%93%E3%81%94%E3%82%8F%E3%81%84%E3%82%8F%E3%81%84%E3%83%81%E3%83%A9%E3%82%B7.pdf\" target=\"_blank\" rel=\"noopener\" title=\"\"><mark style=\"background-color:rgba(0, 0, 0, 0)\" class=\"has-inline-color has-vivid-red-color\"><strong>T\u1edd r\u01a1i<\/strong><\/mark><\/a> - <a href=\"https:\/\/www.hhface.org\/wp\/corner\/wp-content\/uploads\/2026\/03\/R08\u5b89\u82b8\u6d25\u308f\u3044\u308f\u3044\u30b9\u30b1\u30b8\u30e5\u30fc\u30eb.pdf\" target=\"_blank\" rel=\"noopener\" title=\"\"><mark style=\"background-color:rgba(0, 0, 0, 0)\" class=\"has-inline-color has-vivid-red-color\"><strong>L\u1ecbch h\u1ecdc<\/strong><\/mark><\/a><\/td><\/tr><tr><td>Nihongo Waiwai <strong><mark style=\"background-color:rgba(0, 0, 0, 0)\" class=\"has-inline-color has-vivid-red-color\">Hachihonmatsu<\/mark><\/strong><\/td><td>Th\u1ee9 B\u1ea3y<\/td><td>10:00 - 12:00<\/td><td>Trung t\u00e2m c\u1ed9ng \u0111\u1ed3ng khu v\u1ef1c Hachihonmatsu \u516b\u672c\u677e<\/td><td><a href=\"https:\/\/www.hhface.org\/wp\/corner\/wp-content\/uploads\/2026\/03\/R8\u516b\u672c\u677e\u306b\u307b\u3093\u3054\u308f\u3044\u308f\u3044\u30c1\u30e9\u30b7.pdf\" target=\"_blank\" rel=\"noopener\" title=\"\"><mark style=\"background-color:rgba(0, 0, 0, 0)\" class=\"has-inline-color has-vivid-red-color\"><strong>T\u1edd r\u01a1i<\/strong><\/mark><\/a><strong><mark style=\"background-color:rgba(0, 0, 0, 0)\" class=\"has-inline-color has-vivid-red-color\"><\/mark><\/strong>- <a href=\"https:\/\/www.hhface.org\/wp\/corner\/wp-content\/uploads\/2026\/03\/R08\u516b\u672c\u677e\u308f\u3044\u308f\u3044\u30b9\u30b1\u30b8\u30e5\u30fc\u30eb-2.pdf\" target=\"_blank\" rel=\"noopener\" title=\"\"><mark style=\"background-color:rgba(0, 0, 0, 0)\" class=\"has-inline-color has-vivid-red-color\"><strong>L\u1ecbch h\u1ecdc<\/strong><\/mark><\/a><\/td><\/tr><tr><td>Nihongo Waiwai <strong><mark style=\"background-color:rgba(0, 0, 0, 0)\" class=\"has-inline-color has-vivid-red-color\">Saijo<\/mark><\/strong><\/td><td>Ch\u1ee7 Nh\u1eadt<\/td><td>13:00 - 14:30<\/td><td>T\u1ea7ng 2, T\u00f2a nh\u00e0 Sunsquare Higashihiroshima \u6771\u5e83\u5cf6<\/td><td><strong><a href=\"https:\/\/www.hhface.org\/wp\/corner\/wp-content\/uploads\/2026\/03\/R08_1\u308f\u3044\u308f\u3044\u3010\u897f\u6761\u30fb\u5e02\u6c11\u6587\u5316\u3011\u30c1\u30e9\u30b7-\u30e1\u30fc\u30eb\u5909\u66f4\u6e08.pdf\" target=\"_blank\" rel=\"noopener\" title=\"\"><mark style=\"background-color:rgba(0, 0, 0, 0)\" class=\"has-inline-color has-vivid-red-color\">T\u1edd r\u01a1i<\/mark><\/a> -<mark style=\"background-color:rgba(0, 0, 0, 0)\" class=\"has-inline-color has-vivid-red-color\"><\/mark><\/strong><a href=\"https:\/\/www.hhface.org\/wp\/corner\/wp-content\/uploads\/2026\/04\/R08\u897f\u6761\u308f\u3044\u308f\u3044\u30b9\u30b1\u30b8\u30e5\u30fc\u30eb.pdf\" target=\"_blank\" rel=\"noopener\" title=\"\"><mark style=\"background-color:rgba(0, 0, 0, 0)\" class=\"has-inline-color has-vivid-red-color\"><strong>L\u1ecbch h\u1ecdc<\/strong><\/mark><\/a><\/td><\/tr><tr><td>Nihongo Waiwai <strong><mark style=\"background-color:rgba(0, 0, 0, 0)\" class=\"has-inline-color has-vivid-red-color\">Kurose<\/mark><\/strong><\/td><td>Ch\u1ee7 Nh\u1eadt<\/td><td>14:00 - 16:00<\/td><td>T\u00f2a th\u1ecb ch\u00ednh Kurose (\u9ed2\u702c), t\u00f2a nh\u00e0 ph\u00eda Nam<\/td><td><strong><a href=\"https:\/\/www.hhface.org\/wp\/corner\/wp-content\/uploads\/2026\/03\/R8\u9ed2\u702c\u306b\u307b\u3093\u3054\u308f\u3044\u308f\u3044\u30c1\u30e9\u30b7.pdf\" target=\"_blank\" rel=\"noopener\" title=\"\"><mark style=\"background-color:rgba(0, 0, 0, 0)\" class=\"has-inline-color has-vivid-red-color\">T\u1edd r\u01a1i<\/mark><\/a><\/strong><mark style=\"background-color:rgba(0, 0, 0, 0)\" class=\"has-inline-color has-vivid-red-color\"><\/mark>- <a href=\"https:\/\/www.hhface.org\/wp\/corner\/wp-content\/uploads\/2026\/03\/R08\u9ed2\u702c\u308f\u3044\u308f\u3044\u30b9\u30b1\u30b8\u30e5\u30fc\u30eb.pdf\" target=\"_blank\" rel=\"noopener\" title=\"\"><mark style=\"background-color:rgba(0, 0, 0, 0)\" class=\"has-inline-color has-vivid-red-color\"><strong>L\u1ecbch h\u1ecdc<\/strong><\/mark><\/a><\/td><\/tr><\/tbody><\/table><\/figure>\n<\/div>\n<\/div>\n\n\n\n<h2 class=\"wp-block-heading is-style-vk-heading-both_ends has-large-font-size\"><span class=\"vk-heading__text-wrapper\"><strong><mark style=\"background-color:#f78da7\" class=\"has-inline-color\">\uff08\uff13\uff09One-to-One \u306b\u307b\u3093\u3054 (L\u1edbp ti\u1ebfng Nh\u1eadt M\u1ed9t \u2013 M\u1ed9t)<\/mark><\/strong><\/span><\/h2>\n\n\n\n<p>\u30fb<strong>Ng\u01b0\u1eddi h\u1ecdc s\u1ebd h\u1ecdc ti\u1ebfng Nh\u1eadt 1-1 v\u1edbi t\u00ecnh nguy\u1ec7n vi\u00ean ng\u01b0\u1eddi Nh\u1eadt. <\/strong><\/p>\n\n\n\n<p><strong><mark style=\"background-color:rgba(0, 0, 0, 0)\" class=\"has-inline-color has-vivid-red-color\">\u30fbH\u00e3y \u0111\u1ebfn qu\u1ea7y Communication Corner \u0111\u1ec3 \u0111\u0103ng k\u00fd<\/mark><\/strong><mark style=\"background-color:rgba(0, 0, 0, 0)\" class=\"has-inline-color has-vivid-red-color\">.<\/mark><\/p>\n\n\n\n<p><strong><mark style=\"background-color:rgba(0, 0, 0, 0)\" class=\"has-inline-color has-vivid-red-color\">\uff0aNg\u01b0\u1eddi ho\u00e0n to\u00e0n kh\u00f4ng bi\u1ebft ti\u1ebfng Nh\u1eadt kh\u00f4ng th\u1ec3 \u0111\u0103ng k\u00fd tham gia<\/mark><\/strong><mark style=\"background-color:rgba(0, 0, 0, 0)\" class=\"has-inline-color has-vivid-red-color\">.<\/mark><\/p>\n\n\n\n<p>\uff0aKh\u00f4ng m\u1ea5t ph\u00ed tham gia.<\/p>\n\n\n\n<h2 class=\"wp-block-heading is-style-vk-heading-both_ends has-large-font-size\"><span class=\"vk-heading__text-wrapper\"><mark style=\"background-color:#f78da7\" class=\"has-inline-color\"><strong>(4)<\/strong> <strong>Nihongo Hiroba U18 (L\u1edbp ti\u1ebfng Nh\u1eadt d\u00e0nh cho tr\u1ebb em)<\/strong><\/mark><\/span><\/h2>\n\n\n\n<p><strong>\u0110\u00e2y l\u00e0 l\u1edbp h\u1ecdc h\u01b0\u1edbng \u0111\u1ebfn \u0111\u1ed1i t\u01b0\u1ee3ng tham gia l\u00e0 c\u00e1c em h\u1ecdc sinh trong \u0111\u1ed9 tu\u1ed5i kho\u1ea3ng t\u1eeb 6 - 18 tu\u1ed5i, v\u1edbi c\u00e1c ho\u1ea1t \u0111\u1ed9ng nh\u01b0 h\u01b0\u1edbng d\u1eabn l\u00e0m b\u00e0i t\u1eadp v\u1ec1 nh\u00e0, v.v... Tham gia mi\u1ec5n ph\u00ed. Tr\u01b0\u1edbc khi \u0111\u1ebfn tham gia l\u1edbp h\u1ecdc, c\u1ea7n ph\u1ea3i \u0111\u0103ng k\u00fd tr\u01b0\u1edbc. Ti\u1ebfp nh\u1eadn \u0111\u0103ng k\u00fd tham gia t\u1ea1i Communication Corner.<\/strong><\/p>\n\n\n\n<figure class=\"wp-block-table is-style-vk-table-border-stripes\"><table><tbody><tr><td>Th\u1ee9 <\/td><td>Th\u1eddi gian<\/td><td>L\u1edbp h\u1ecdc<\/td><\/tr><tr><td>Th\u1ee9 T\u01b0<\/td><td>16:00 - 18:00<\/td><td>\u0110\u1ed1i t\u01b0\u1ee3ng l\u00e0 h\u1ecdc sinh t\u1eeb n\u0103m th\u1ee9 1 \u0111\u1ebfn n\u0103m th\u1ee9 6 Ti\u1ec3u h\u1ecdc<\/td><\/tr><tr><td>Th\u1ee9 T\u01b0<\/td><td>16:00 - 19:00<\/td><td>\u0110\u1ed1i t\u01b0\u1ee3ng l\u00e0 h\u1ecdc sinh Trung h\u1ecdc c\u01a1 s\u1edf, Trung h\u1ecdc ph\u1ed5 th\u00f4ng<\/td><\/tr><tr><td>Th\u1ee9 B\u1ea3y<\/td><td>10:00 - 12:00<\/td><td>\u0110\u1ed1i t\u01b0\u1ee3ng l\u00e0 h\u1ecdc sinh t\u1eeb n\u0103m th\u1ee9 1 Ti\u1ec3u h\u1ecdc \u0111\u1ebfn Trung h\u1ecdc c\u01a1 s\u1edf, Trung h\u1ecdc ph\u1ed5 th\u00f4ng<\/td><\/tr><\/tbody><\/table><\/figure>\n\n\n\n<p><strong><a href=\"https:\/\/www.hhface.org\/wp\/corner\/wp-content\/uploads\/2026\/03\/R08U18\u30b9\u30b1\u30b8\u30e5\u30fc\u30eb.jpg\" target=\"_blank\" rel=\"noopener\" title=\"\"><mark style=\"background-color:rgba(0, 0, 0, 0)\" class=\"has-inline-color has-vivid-red-color\">L\u1ecbch h\u1ecdc U-18, nh\u1ea5n v\u00e0o \u0111\u00e2y \u0111\u1ec3 xem<\/mark><\/a><\/strong><\/p>\n\n\n\n<figure class=\"wp-block-image size-full\"><img loading=\"lazy\" decoding=\"async\" width=\"778\" height=\"1100\" src=\"https:\/\/www.hhface.org\/wp\/corner\/wp-content\/uploads\/2026\/03\/R8_U18\u30c1\u30e9\u30b7_2026\u30e1\u30fc\u30eb\u30a2\u30c9\u30ec\u30b9\u5909\u66f4\u6e08-4.jpg\" alt=\"\" class=\"wp-image-14110\" srcset=\"https:\/\/www.hhface.org\/wp\/corner\/wp-content\/uploads\/2026\/03\/R8_U18\u30c1\u30e9\u30b7_2026\u30e1\u30fc\u30eb\u30a2\u30c9\u30ec\u30b9\u5909\u66f4\u6e08-4.jpg 778w, https:\/\/www.hhface.org\/wp\/corner\/wp-content\/uploads\/2026\/03\/R8_U18\u30c1\u30e9\u30b7_2026\u30e1\u30fc\u30eb\u30a2\u30c9\u30ec\u30b9\u5909\u66f4\u6e08-4-212x300.jpg 212w, https:\/\/www.hhface.org\/wp\/corner\/wp-content\/uploads\/2026\/03\/R8_U18\u30c1\u30e9\u30b7_2026\u30e1\u30fc\u30eb\u30a2\u30c9\u30ec\u30b9\u5909\u66f4\u6e08-4-724x1024.jpg 724w, https:\/\/www.hhface.org\/wp\/corner\/wp-content\/uploads\/2026\/03\/R8_U18\u30c1\u30e9\u30b7_2026\u30e1\u30fc\u30eb\u30a2\u30c9\u30ec\u30b9\u5909\u66f4\u6e08-4-768x1086.jpg 768w\" sizes=\"auto, (max-width: 778px) 100vw, 778px\" \/><\/figure>\n\n\n\n<p><\/p>\n\n\n\n<h2 class=\"wp-block-heading is-style-vk-heading-both_ends has-large-font-size\"><span class=\"vk-heading__text-wrapper\"><strong><mark style=\"background-color:#f78da7\" class=\"has-inline-color\">(5) C\u00e1c k\u00eanh h\u1ecdc ti\u1ebfng Nh\u1eadt tr\u1ef1c tuy\u1ebfn (c\u00f3 th\u1ec3 t\u1ef1 h\u1ecdc ti\u1ebfng Nh\u1eadt)<\/mark><\/strong><\/span><\/h2>\n\n\n\n<div class=\"wp-block-columns is-layout-flex wp-container-core-columns-is-layout-9d6595d7 wp-block-columns-is-layout-flex\">\n<div class=\"wp-block-column is-layout-flow wp-block-column-is-layout-flow\">\n<div class=\"wp-block-cover is-light is-repeated has-regular-font-size wp-duotone-f78da7-ffffff-1\" style=\"padding-top:0;padding-right:0;padding-bottom:0;padding-left:0;min-height:260px;aspect-ratio:unset;\"><div class=\"wp-block-cover__image-background wp-image-5296 is-repeated\" style=\"background-position:16% 79%;background-image:url(https:\/\/www.hhface.org\/wp\/corner\/wp-content\/uploads\/2023\/04\/4.png)\"><\/div><span aria-hidden=\"true\" class=\"wp-block-cover__background has-white-background-color has-background-dim-0 has-background-dim\"><\/span><div class=\"wp-block-cover__inner-container is-layout-flow wp-block-cover-is-layout-flow\">\n<p class=\"has-text-align-center has-regular-font-size\"><strong>\u2460TSUNAHIRO<\/strong> (B\u1ed9 V\u0103n h\u00f3a - 18ng\u00f4n ng\u1eef)<\/p>\n\n\n\n<p class=\"has-text-align-center has-regular-font-size\">Cu\u1ed9c s\u1ed1ng \u0111\u01b0\u1ee3c k\u1ebft n\u1ed1i v\u00e0 m\u1edf r\u1ed9ng h\u01a1n v\u1edbi ti\u1ebfng Nh\u1eadt<\/p>\n\n\n\n<p class=\"has-text-align-center\"><a href=\"https:\/\/tsunagarujp.mext.go.jp\" target=\"_blank\" rel=\"noopener\" title=\"\"><mark style=\"background-color:rgba(0, 0, 0, 0)\" class=\"has-inline-color has-vivid-cyan-blue-color\">https:\/\/tsunagarujp.mext.go.jp<\/mark><\/a><\/p>\n\n\n<div class=\"wp-block-image\">\n<figure class=\"alignright size-full is-resized\"><img loading=\"lazy\" decoding=\"async\" width=\"320\" height=\"50\" src=\"https:\/\/www.hhface.org\/wp\/corner\/wp-content\/uploads\/2024\/07\/image-8.png\" alt=\"\" class=\"wp-image-9543\" style=\"width:159px;height:auto\" srcset=\"https:\/\/www.hhface.org\/wp\/corner\/wp-content\/uploads\/2024\/07\/image-8.png 320w, https:\/\/www.hhface.org\/wp\/corner\/wp-content\/uploads\/2024\/07\/image-8-300x47.png 300w\" sizes=\"auto, (max-width: 320px) 100vw, 320px\" \/><\/figure>\n<\/div><\/div><\/div>\n<\/div>\n\n\n\n<div class=\"wp-block-column is-layout-flow wp-block-column-is-layout-flow\">\n<div class=\"wp-block-cover is-light is-repeated has-regular-font-size wp-duotone-f78da7-ffffff-2\" style=\"padding-top:0;padding-right:0;padding-bottom:0;padding-left:0;min-height:260px;aspect-ratio:unset;\"><div class=\"wp-block-cover__image-background wp-image-5296 is-repeated\" style=\"background-position:17% 78%;background-image:url(https:\/\/www.hhface.org\/wp\/corner\/wp-content\/uploads\/2023\/04\/4.png)\"><\/div><span aria-hidden=\"true\" class=\"wp-block-cover__background has-white-background-color has-background-dim-0 has-background-dim\"><\/span><div class=\"wp-block-cover__inner-container is-layout-flow wp-block-cover-is-layout-flow\">\n<p class=\"has-text-align-center has-regular-font-size\"><strong>\u2461NHK WORLD JAPAN<\/strong><\/p>\n\n\n\n<p class=\"has-text-align-center has-regular-font-size\">Ti\u1ebfng Nh\u1eadt \u0111\u01a1n gi\u1ea3n - 21 ng\u00f4n ng\u1eef<\/p>\n\n\n\n<p class=\"has-text-align-center\"><a rel=\"noreferrer noopener\" href=\"https:\/\/www.nhk.or.jp\/lesson\/ja\/\" target=\"_blank\"><mark style=\"background-color:rgba(0, 0, 0, 0)\" class=\"has-inline-color has-vivid-cyan-blue-color\">https:\/\/www.nhk.or.jp\/lesson\/ja\/<\/mark><\/a><\/p>\n<\/div><\/div>\n<\/div>\n<\/div>\n\n\n\n<div class=\"wp-block-columns is-layout-flex wp-container-core-columns-is-layout-9d6595d7 wp-block-columns-is-layout-flex\">\n<div class=\"wp-block-column is-layout-flow wp-block-column-is-layout-flow\">\n<div class=\"wp-block-cover is-light is-repeated has-regular-font-size wp-duotone-f78da7-ffffff-3\" style=\"padding-top:0;padding-right:0;padding-bottom:0;padding-left:0;min-height:260px;aspect-ratio:unset;\"><div class=\"wp-block-cover__image-background wp-image-5296 is-repeated\" style=\"background-position:17% 78%;background-image:url(https:\/\/www.hhface.org\/wp\/corner\/wp-content\/uploads\/2023\/04\/4.png)\"><\/div><span aria-hidden=\"true\" class=\"wp-block-cover__background has-white-background-color has-background-dim-0 has-background-dim\"><\/span><div class=\"wp-block-cover__inner-container is-layout-flow wp-block-cover-is-layout-flow\">\n<p class=\"has-text-align-center has-regular-font-size\"><strong>\u2462Ti\u1ebfng Nh\u1eadt v\u00e0 cu\u1ed9c s\u1ed1ng IRODORI<\/strong><\/p>\n\n\n\n<p class=\"has-text-align-center has-regular-font-size\">Qu\u1ef9 Giao l\u01b0u qu\u1ed1c t\u1ebf - 18 ng\u00f4n ng\u1eef<\/p>\n\n\n\n<p class=\"has-text-align-center\"><a rel=\"noreferrer noopener\" href=\"https:\/\/www.irodori.jpf.go.jp\/en\/index.html\" target=\"_blank\"><mark style=\"background-color:rgba(0, 0, 0, 0)\" class=\"has-inline-color has-vivid-cyan-blue-color\">https:\/\/www.irodori.jpf.go.jp\/en\/index.html<\/mark><\/a><\/p>\n<\/div><\/div>\n<\/div>\n\n\n\n<div class=\"wp-block-column is-layout-flow wp-block-column-is-layout-flow\">\n<div class=\"wp-block-cover is-light is-repeated has-regular-font-size wp-duotone-f78da7-ffffff-4\" style=\"padding-top:0;padding-right:0;padding-bottom:0;padding-left:0;min-height:260px;aspect-ratio:unset;\"><div class=\"wp-block-cover__image-background wp-image-5296 is-repeated\" style=\"background-position:16% 79%;background-image:url(https:\/\/www.hhface.org\/wp\/corner\/wp-content\/uploads\/2023\/04\/4.png)\"><\/div><span aria-hidden=\"true\" class=\"wp-block-cover__background has-white-background-color has-background-dim-0 has-background-dim\"><\/span><div class=\"wp-block-cover__inner-container is-layout-flow wp-block-cover-is-layout-flow\">\n<p class=\"has-text-align-center has-regular-font-size\"><strong>\u2463 MARUGOTO + <\/strong> (MARUGOTO PLUS)<\/p>\n\n\n\n<p class=\"has-text-align-center has-regular-font-size\">Qu\u1ef9 Giao l\u01b0u qu\u1ed1c t\u1ebf -  3 ng\u00f4n ng\u1eef<\/p>\n\n\n\n<p class=\"has-text-align-center\"><a rel=\"noreferrer noopener\" href=\"https:\/\/marugotoweb.jp\/ja\/\" target=\"_blank\"><mark style=\"background-color:rgba(0, 0, 0, 0)\" class=\"has-inline-color has-vivid-cyan-blue-color\">https:\/\/marugotoweb.jp\/ja\/<\/mark><\/a><\/p>\n<\/div><\/div>\n<\/div>\n<\/div>\n\n\n\n<p><\/p>\n","protected":false},"excerpt":{"rendered":"<p>(1) L\u1edbp h\u1ecdc ti\u1ebfng Nh\u1eadt Higashihiroshima\u3000 C\u00e1c l\u1edbp h\u1ecdc ti\u1ebfng Nh\u1eadt \u0111\u01b0\u1ee3c d\u1ea1y v\u1edbi \u0111\u1ed9i ng\u0169 gi\u00e1o vi\u00ean chuy\u00ean ng\u00e0nh ti [&hellip;]<\/p>\n","protected":false},"author":3,"featured_media":0,"parent":0,"menu_order":0,"comment_status":"closed","ping_status":"closed","template":"","meta":{"om_disable_all_campaigns":false,"sfsi_plus_gutenberg_text_before_share":"","sfsi_plus_gutenberg_show_text_before_share":"","sfsi_plus_gutenberg_icon_type":"","sfsi_plus_gutenberg_icon_alignemt":"","sfsi_plus_gutenburg_max_per_row":"","_monsterinsights_skip_tracking":false,"_monsterinsights_sitenote_active":false,"_monsterinsights_sitenote_note":"","_monsterinsights_sitenote_category":0,"sns_share_botton_hide":"","vkExUnit_sns_title":"","_vk_print_noindex":"","sitemap_hide":"","vkExUnit_sitemap":"","_veu_custom_css":"","veu_display_promotion_alert":"common","_exclude_from_list_pages":"","vkexunit_cta_each_option":"","vkExUnit_childPageIndex":"","vkExUnit_pageList_ancestor":"","vkExUnit_contact_enable":"","_lightning_design_setting":{"layout":"default"},"footnotes":""},"class_list":["post-245","page","type-page","status-publish","hentry"],"aioseo_notices":[],"veu_head_title_object":{"title":"","add_site_title":""},"jetpack_sharing_enabled":true,"_links":{"self":[{"href":"https:\/\/www.hhface.org\/wp\/corner\/wp-json\/wp\/v2\/pages\/245","targetHints":{"allow":["GET"]}}],"collection":[{"href":"https:\/\/www.hhface.org\/wp\/corner\/wp-json\/wp\/v2\/pages"}],"about":[{"href":"https:\/\/www.hhface.org\/wp\/corner\/wp-json\/wp\/v2\/types\/page"}],"author":[{"embeddable":true,"href":"https:\/\/www.hhface.org\/wp\/corner\/wp-json\/wp\/v2\/users\/3"}],"replies":[{"embeddable":true,"href":"https:\/\/www.hhface.org\/wp\/corner\/wp-json\/wp\/v2\/comments?post=245"}],"version-history":[{"count":80,"href":"https:\/\/www.hhface.org\/wp\/corner\/wp-json\/wp\/v2\/pages\/245\/revisions"}],"predecessor-version":[{"id":14519,"href":"https:\/\/www.hhface.org\/wp\/corner\/wp-json\/wp\/v2\/pages\/245\/revisions\/14519"}],"wp:attachment":[{"href":"https:\/\/www.hhface.org\/wp\/corner\/wp-json\/wp\/v2\/media?parent=245"}],"curies":[{"name":"wp","href":"https:\/\/api.w.org\/{rel}","templated":true}]}}